{"id":70,"date":"2023-05-06T07:33:40","date_gmt":"2023-05-06T07:33:40","guid":{"rendered":"http:\/\/www.skutecki.pl\/Szkaradek\/?page_id=70"},"modified":"2023-06-26T09:13:16","modified_gmt":"2023-06-26T09:13:16","slug":"videoblog","status":"publish","type":"page","link":"https:\/\/www.szkaradek.skutecki.pl\/?page_id=70","title":{"rendered":"Videoblog"},"content":{"rendered":"\n<p>W ramach projektu &#8222;Szkaradek. Malarz wolno\u015bci&#8221; powstanie pi\u0119\u0107 odcink\u00f3w videobloga. Zapraszamy do obejrzenia, co o arty\u015bcie m\u00f3wi\u0105 jego uczniowie, znajomi i przyjaciele. <\/p>\n\n\n\n<p><\/p>\n\n\n\n<p class=\"has-text-align-center has-white-background-color has-background\"><iframe loading=\"lazy\" width=\"560\" height=\"315\" src=\"https:\/\/www.youtube.com\/embed\/abM_at6vu24\" title=\"YouTube video player\" frameborder=\"0\" allow=\"accelerometer; autoplay; clipboard-write; encrypted-media; gyroscope; picture-in-picture; web-share\" allowfullscreen=\"\"><\/iframe><\/p>\n\n\n\n<p class=\"has-text-align-center has-white-background-color has-background\"><iframe loading=\"lazy\" width=\"560\" height=\"315\" src=\"https:\/\/www.youtube.com\/embed\/4xp7vKeqdng\" title=\"YouTube video player\" frameborder=\"0\" allow=\"accelerometer; autoplay; clipboard-write; encrypted-media; gyroscope; picture-in-picture; web-share\" allowfullscreen=\"\"><\/iframe><\/p>\n\n\n\n<p><\/p>\n\n\n\n<p class=\"has-text-align-center\"><iframe loading=\"lazy\" width=\"560\" height=\"315\" src=\"https:\/\/www.youtube.com\/embed\/bgIaod0N0Ak\" title=\"YouTube video player\" frameborder=\"0\" allow=\"accelerometer; autoplay; clipboard-write; encrypted-media; gyroscope; picture-in-picture; web-share\" allowfullscreen=\"\"><\/iframe><\/p>\n\n\n\n<div style=\"height:100px\" aria-hidden=\"true\" class=\"wp-block-spacer\"><\/div>\n\n\n\n<p class=\"has-text-align-center\"><iframe loading=\"lazy\" width=\"560\" height=\"315\" src=\"https:\/\/www.youtube.com\/embed\/8_K9ByKWr48\" title=\"YouTube video player\" frameborder=\"0\" allow=\"accelerometer; autoplay; clipboard-write; encrypted-media; gyroscope; picture-in-picture; web-share\" allowfullscreen=\"\"><\/iframe><\/p>\n\n\n\n<div style=\"height:100px\" aria-hidden=\"true\" class=\"wp-block-spacer\"><\/div>\n\n\n\n<p class=\"has-text-align-center\"><iframe loading=\"lazy\" width=\"560\" height=\"315\" src=\"https:\/\/www.youtube.com\/embed\/Gcs7qE4mY0E\" title=\"YouTube video player\" frameborder=\"0\" allow=\"accelerometer; autoplay; clipboard-write; encrypted-media; gyroscope; picture-in-picture; web-share\" allowfullscreen=\"\"><\/iframe><\/p>\n\n\n\n<div style=\"height:100px\" aria-hidden=\"true\" class=\"wp-block-spacer\"><\/div>\n\n\n\n<figure class=\"wp-block-image size-large\"><img decoding=\"async\" loading=\"lazy\" width=\"1024\" height=\"113\" src=\"http:\/\/www.skutecki.pl\/Szkaradek\/wp-content\/uploads\/2023\/05\/dofinansowano-1024x113.png\" alt=\"\" class=\"wp-image-165\" srcset=\"https:\/\/www.szkaradek.skutecki.pl\/wp-content\/uploads\/2023\/05\/dofinansowano-1024x113.png 1024w, https:\/\/www.szkaradek.skutecki.pl\/wp-content\/uploads\/2023\/05\/dofinansowano-300x33.png 300w, https:\/\/www.szkaradek.skutecki.pl\/wp-content\/uploads\/2023\/05\/dofinansowano-768x85.png 768w, https:\/\/www.szkaradek.skutecki.pl\/wp-content\/uploads\/2023\/05\/dofinansowano-1536x169.png 1536w, https:\/\/www.szkaradek.skutecki.pl\/wp-content\/uploads\/2023\/05\/dofinansowano.png 1742w\" sizes=\"(max-width: 1024px) 100vw, 1024px\" \/><\/figure>\n","protected":false},"excerpt":{"rendered":"<p>W ramach projektu &#8222;Szkaradek. Malarz wolno\u015bci&#8221; powstanie pi\u0119\u0107 odcink\u00f3w videobloga. Zapraszamy do obejrzenia, co o arty\u015bcie m\u00f3wi\u0105 jego uczniowie, znajomi i przyjaciele.<\/p>\n","protected":false},"author":1,"featured_media":0,"parent":0,"menu_order":0,"comment_status":"closed","ping_status":"closed","template":"","meta":[],"_links":{"self":[{"href":"https:\/\/www.szkaradek.skutecki.pl\/index.php?rest_route=\/wp\/v2\/pages\/70"}],"collection":[{"href":"https:\/\/www.szkaradek.skutecki.pl\/index.php?rest_route=\/wp\/v2\/pages"}],"about":[{"href":"https:\/\/www.szkaradek.skutecki.pl\/index.php?rest_route=\/wp\/v2\/types\/page"}],"author":[{"embeddable":true,"href":"https:\/\/www.szkaradek.skutecki.pl\/index.php?rest_route=\/wp\/v2\/users\/1"}],"replies":[{"embeddable":true,"href":"https:\/\/www.szkaradek.skutecki.pl\/index.php?rest_route=%2Fwp%2Fv2%2Fcomments&post=70"}],"version-history":[{"count":13,"href":"https:\/\/www.szkaradek.skutecki.pl\/index.php?rest_route=\/wp\/v2\/pages\/70\/revisions"}],"predecessor-version":[{"id":253,"href":"https:\/\/www.szkaradek.skutecki.pl\/index.php?rest_route=\/wp\/v2\/pages\/70\/revisions\/253"}],"wp:attachment":[{"href":"https:\/\/www.szkaradek.skutecki.pl\/index.php?rest_route=%2Fwp%2Fv2%2Fmedia&parent=70"}],"curies":[{"name":"wp","href":"https:\/\/api.w.org\/{rel}","templated":true}]}}